 - 2*j - 0 - 3, 5*j + 6 = -4*w. Calculate i(w).
-3
Let i(o) = o**2 - 3*o - 6. Let z = 5 - 9. Determine i(z).
22
Let f = 13 + -9. Let x = f + -2. Let y(o) = -1 - o**2 + 2*o + o + o**3 - 2*o + 0. Determine y(x).
5
Let p(t) = -2*t**2 + 3*t**2 + 15 + 4641*t - 4627*t. What is p(-13)?
2
Suppose 13 + 2 = -5*k. Let o(x) be the third derivative of 0*x + 0 - 1/6*x**3 - 2*x**2 - 1/24*x**4. Calculate o(k).
2
Let a(r) = r**3 + r - 2. Suppose -10 = -5*v + 6*v. Let b(j) = -2*j - 7. Let i be b(v). Let t = i + -13. What is a(t)?
-2
Let j(t) = -9*t**2 + 0*t**2 + 3 + 6*t**2 - 2. Calculate j(2).
-11
Let u be 12/(-6) + 5 + 0. Suppose -2*h - p = -9, -3*h + u*p + 5 = -4. Let k(t) = -4 + 0 - 5*t**2 - h*t - 5*t**3 + 4*t**3 + 0*t. What is k(-4)?
-4
Let l(d) = d**3 - 9*d**2 + 7. Let r be l(9). Let b be 0 + -34 - (9 - r). Let t be (-8)/b - 168/27. Let n(k) = -k**3 - 5*k**2 + 7*k + 6. Calculate n(t).
0
Let u(r) = -r**3 + r**2 - 1. Let f be (-6)/(-18) - 32/24. What is u(f)?
1
Suppose -5*a = 5, z + a = -3*z + 31. Suppose 0 = 3*t - 7 - z. Let y(o) = 2*o**2 - o**2 - 5 + 2*o - t*o**2 - o**3. Give y(-5).
10
Let u(r) = 40*r**2 + 8*r + 29. Let z(k) = 14*k**2 + 3*k + 10. Let f(m) = -6*u(m) + 17*z(m). What is f(5)?
-39
Let r(b) = 2*b + 2. Let p(h) = h**3 + 6*h**2 + 3*h - 1. Let x be p(-3). Let f = x + -21. Calculate r(f).
-6
Let r = 22 + -33. Let a = r + 18. Suppose -a*f + 3*f - 8 = 0. Let c(h) = -h**2 - 3*h - 2. Determine c(f).
0
Let b(o) = o**2 - 3*o + 2. Suppose -3*j + 9 = -q, -j + 6*q + 14 = 2*q. Let s be b(j). Let g(x) = -2*x - x - 3 + 4*x - 2. What is g(s)?
-5
Suppose 5*z + 17 = 2*h, -4 = z + z + 2*h. Let d be -5 - (-2)/z*3. Let s(q) be the third derivative of q**6/120 + 2*q**5/15 + 7*q**4/24 - 2*q**2. Determine s(d).
0
Suppose y - 5*y - 196 = 5*h, h - 2*y = -42. Let x be (-18)/(-10)*h/(-8). Let v(c) = 7*c**2 - x*c**2 + 6*c**3 - 3*c**3 - 2*c. Calculate v(2).
12
Let o(y) = 2*y - 11. Let a(g) = -g + 6. Let z(w) = 5*a(w) + 3*o(w). Let f be 26/6 + (-11)/33. Calculate z(f).
1
Suppose 3*b + 2*n - 16 = 0, -20 + 7 = b - 3*n. Let z(y) = 1 + 8*y - 8*y - b*y + 0. Let p(q) = -q - 5. Let c be p(-4). What is z(c)?
3
Let x(k) = -5*k - 1. Let z be x(-1). Let s(f) = 1 - 16*f - 3*f + 18*f. Calculate s(z).
-3
Suppose 2*g = 4*q - 7*q + 11, q - 4 = -g. Let k(o) = -o**2 + o + 6. Let c(t) = -4 - 2*t**2 + 15 - t + t + 2*t. Let n(v) = 6*c(v) - 11*k(v). Calculate n(g).
0
Let j(z) = -z**2 - z - 5. Suppose f - 2*c = 6*f + 89, 5*f + 87 = -c. Let q = f - -17. Determine j(q).
-5
Let l(y) = y**3 - y**2 + y. Let o be ((3 - 9) + 0)/1. Let c be (-3 - (4 + o))*(-2)/2. Determine l(c).
1
Let u(h) = h + 1. Suppose -2*d = j + d + 37, -9 = 3*d. Let w = 32 + j. Give u(w).
5
Let i(q) = 3 - q**3 + 0 - 44*q + 2*q**2 + 2*q**3 + 0*q**3 + 45*q. Suppose 4*a = 7 - 19. What is i(a)?
-9
Suppose -25*x - 6*x = -248. Let g(a) = -a - 8. Calculate g(x).
-16
Let w(k) be the first derivative of 4/3*k**3 + 1/4*k**4 + 3*k + 2*k**2 - 5. Let q = 2 + -4. Determine w(q).
3
Let x(y) = -y**2 + 7*y + 1. Let u = -433 + 436. Calculate x(u).
13
Let j(i) = -3*i - 36. Suppose -12*g = -24*g - 144. Give j(g).
0
Let p be -6*1/(-3) - (1 + -1). Let z(w) = -p*w + w - 1 + 2*w + 4. Let h = 9 - 15. Determine z(h).
-3
Let h = 10 - 14. Let l(i) = 3*i + 4*i - 15*i + 4*i - 4. What is l(h)?
12
Let a = 25 - 21. Suppose -k + a*p = 2, 5*p + 5 = -3*k - 1. Let v(n) = n**3 + 2*n**2 + n + 1. Give v(k).
-1
Let i(j) be the third derivative of j**4/24 - j**3/2 + 101*j**2. Suppose -15 = 7*s - 2*s. Determine i(s).
-6
Let g(v) = -v - 6. Let b be (-3 + -2 - -5)*(-3)/6. Determine g(b).
-6
Let g(m) = -m**2 - 8*m - 3. Let o be 16/12 - (-25)/(-3). Let f(k) = -k**2 - 4*k + 13. Let s be f(o). What is g(s)?
-3
Let x(c) = 4*c**2 + 3 - c**3 + c**2 - 19*c**2 - 8*c + 5*c**2. Calculate x(-8).
3
Let r(f) be the third derivative of f**6/120 + f**5/12 - f**4/24 + f**2. Suppose -12 = 3*n - 7*n. Suppose 0 = 4*m + 5*l + 35, l + 2 = 2*m - n*l. Calculate r(m).
5
Let l(v) be the second derivative of -v**5/10 + v**4/4 + v**3/3 - v**2/2 + 2*v - 140. Give l(3).
-22
Let o(l) be the first derivative of -l**6/30 + l**5/30 + l**4/24 + 15*l**2 + 1. Let b(x) be the second derivative of o(x). Give b(-1).
5
Let b(d) = d**3 + 2*d**2 + 2*d + 2. Suppose 0 = 7*p - 9*p - 4. Determine b(p).
-2
Let d(j) be the second derivative of j**4/12 + 5*j**3/6 - 13*j**2/2 + 292*j. Calculate d(-6).
-7
Let m(d) = 23*d**2 - 17. Let q(i) be the first derivative of 11*i**3/3 - 8*i + 33. Let s(p) = -6*m(p) + 13*q(p). Give s(-2).
18
Let m(v) = -2*v + 3. Let l be 16/4 + -8 - -30. Suppose -l = -5*o - 16. Give m(o).
-1
Let n(y) = -y**3 - 5*y**2 - 11*y + 9. Let o(s) = -2*s**3 - 9*s**2 - 23*s + 19. Let b(l) = 5*n(l) - 2*o(l). What is b(-5)?
2
Let m(w) = w + 3. Suppose -7*i - 16 = -11*i. Let r = i + -8. Let u(k) = -k - 8. Let q be u(r). What is m(q)?
-1
Suppose 0 = 3*z - 2*b - 1, 3*b = -2*z - 0*b + 18. Suppose 5*j + 5*f + 10 = 0, 14 = 6*j - z*j - f. Let x(a) = 2*a**2 - 3*a - 3. Give x(j).
6
Let m(d) = -8*d + 4. Suppose -a = -3*a + 8. Suppose 4*w - 24 = a*k, -2*w = w + k - 6. Determine m(w).
-20
Let f(p) = -2*p**2 + p. Let c(w) = -2*w**2 + 2*w - 1. Let b(j) = -5*c(j) + 4*f(j). Suppose 0 = -4*m - 2*i + 22, -3*m + 40 - 13 = 5*i. Determine b(m).
13
Let j(a) = a**3 - a**2 + a - 20. Let i = -69 + 71. Let w(k) = -4*k**2 + 9*k - 2. Let n be w(i). What is j(n)?
-20
Let t = 5 - 2. Suppose 2 - t = x. Let d(f) = -9*f - 1. Give d(x).
8
Let g(v) = -v - 5. Suppose -4*d - 171 = -163. Suppose 2*l = 5*n + 6, -15 = -2*n - 0*l - 5*l. Let m be 10/(-4)*(d + n). Calculate g(m).
-10
Let o(g) = g**2 + 4*g - 3. Suppose 3*f - 4*f - 1 = 0. Let h(z) = 4*z**2 + 2*z**2 - 4*z**2 - z**2. Let v(s) = f*o(s) + 4*h(s). Determine v(2).
7
Suppose 0 = 3*c + 3*z - 6, 2*c - z - 8 = -1. Let x(b) = 0 + 3*b**3 + 3*b**2 - 3 - b**3 - 3*b**3. Determine x(c).
-3
Let a = 976 - 966. Let i(h) = h**2 - 11*h + 13. Give i(a).
3
Let x(t) = -17*t - 45. Let b(h) = -6*h - 15. Let c(i) = 11*b(i) - 4*x(i). Let j(q) = -3*q - 22. Let m(d) = -7*c(d) - 5*j(d). Calculate m(-8).
-3
Let f(r) = 7*r**2 + 5*r - 12. Let t(h) = -h + 1. Let y(x) = f(x) + 6*t(x). Let q(w) = -10*w**2 + 2*w + 9. Let i(g) = -5*q(g) - 7*y(g). Calculate i(5).
7
Let n(i) = i**2 - i. Suppose 26 = 4*w + 6. Let p(y) = y**3 - 5*y**2 + 5. Let v be p(w). Suppose -6*k = -v*k. What is n(k)?
0
Let x(r) = -5*r**2 + 13*r - 1. Let p(u) = 4*u**2 - 12*u + 1. Let a(o) = 6*p(o) + 5*x(o). Let y(s) = -3*s**2 + 46*s - 62. Let c be y(14). Calculate a(c).
7
Suppose 0 = 3*t - 20 - 1. Suppose -2*q = 2*b - 22, 3*q - 4*q + 5*b = t. Let h(z) = 2*z - 10. Let f be h(q). Let x(v) = -v**2 + 7*v + 2. Calculate x(f).
8
Let d(v) be the first derivative of -17*v**6/120 + v**5/30 - v**3/6 - 21*v**2/2 + 9. Let n(o) be the second derivative of d(o). Give n(1).
-16
Let p = 6 + -2. Let u(a) be the second derivative of 7*a**3/6 - 23*a**2/2 - 4*a. Let t(b) = -3*b + 11. Let f(z) = 5*t(z) + 2*u(z). What is f(p)?
5
Suppose 26 = 3*j - 2*d + 25, 2*j = -3*d - 21. Let g(z) be the third derivative of -z**5/30 - z**4/6 - z**3/3 - z**2. Give g(j).
-8
Suppose 94 - 34 = 5*d. Let h(r) = 2*r**2 + d + 0*r**2 - r**2 - 2*r**2 + 12*r. Let k be h(13). Let n(y) = -6*y**2 + 2*y + 1. Determine n(k).
-7
Let u(i) = i**3 + 3*i**2 - 7*i - 6. Let b = 31 + -22. Suppose 0 = 4*t + b + 7. Give u(t).
6
Let z be -1 + 3 + (4 - 3). Suppose z*w - 10 = w. Let q(c) be the third derivative of c**4/24 - c**3/2 + c**2. Give q(w).
2
Let r(f) = -4*f + 1. Suppose 0 = 2*l - 3*l, 135 = 5*g - l. Suppose -13*j + 10*j + 15 = 0. Suppose -q - j*o - 9 = -g, 0 = -5*q + 4*o - 26. Determine r(q).
9
Let r(m) be the second derivative of m**5/20 + 7*m**4/12 + m**3/6 - 7*m**2/2 + 81*m. What is r(-7)?
-14
Let q(f) = f**3 + 7*f**2 - 10*f - 10. Suppose -14*d = 14*d + 224. Determine q(d).
6
Let y(f) = -f**2 + 6*f + 10. Let d = -136 - -144. Calculate y(d).
-6
Let i(k) = -6*k**2 - 3. Let f(v) = 5*v**2 + 2. Let r(p) = 5*f(p) + 4*i(p). Let w be r(2). Suppose 5 = -3*s + w*s. Let n(d) = d + 9. What is n(s)?
4
Let h(l) = 3*l**2 + 3*l - 3. Suppose 3*b - 4*c - 18 = 0, 2*b - 3*c + 1 - 14 = 0. Give h(b).
15
Let r(n) = -n**2 - n + 2. Let p(m) = 8*m + 12. Let g(c) = p(c) - r(c). Determine g(-8).
2
Let s(d) = d**3 - 6*d**2 - d - 4. Let h(j) = -13*j + 7. Let a(w) = -6*w + 3. Let f(u) = -14*a(u) + 6*h(u). Let q be f(1). Determine s(q).
-10
Suppo